223253?
2
What is the units digit of 169630548?
8
What is the units digit of 1417024085?
5
What is the hundred millions digit of 671839399?
6
What is the ten thousands digit of 65150939?
5
What is the ten thousands digit of 3590318175?
1
What is the hundred millions digit of 1009329246?
0
What is the ten millions digit of 80447110?
8
What is the hundreds digit of 125751323?
3
What is the millions digit of 101026987?
1
What is the units digit of 163289908?
8
What is the tens digit of 132213735?
3
What is the ten thousands digit of 41724457?
2
What is the hundred thousands digit of 7989551783?
5
What is the ten millions digit of 48892953?
4
What is the thousands digit of 120761332?
1
What is the hundred thousands digit of 4258541?
2
What is the thousands digit of 1875655760?
5
What is the thousands digit of 2210079110?
9
What is the hundred thousands digit of 55809948?
8
What is the hundred thousands digit of 476909028?
9
What is the thousands digit of 45385577?
5
What is the tens digit of 1812366945?
4
What is the units digit of 373243202?
2
What is the hundreds digit of 863233667?
6
What is the units digit of 450605484?
4
What is the units digit of 897420755?
5
What is the tens digit of 24510004?
0
What is the hundreds digit of 63337251?
2
What is the thousands digit of 725226960?
6
What is the tens digit of 34837849?
4
What is the tens digit of 2929574278?
7
What is the ten thousands digit of 1476138984?
3
What is the ten millions digit of 38420064?
3
What is the tens digit of 14478035?
3
What is the hundreds digit of 297603197?
1
What is the hundred millions digit of 3843691121?
8
What is the ten thousands digit of 1586093518?
9
What is the thousands digit of 78662144?
2
What is the millions digit of 3332717425?
2
What is the hundred thousands digit of 53675269?
6
What is the billions digit of 1376743384?
1
What is the ten thousands digit of 170814887?
1
What is the tens digit of 2962470?
7
What is the ten thousands digit of 10465007?
6
What is the units digit of 705142918?
8
What is the tens digit of 46520827?
2
What is the hundred thousands digit of 10259838?
2
What is the ten millions digit of 428067991?
2
What is the hundred millions digit of 363473306?
3
What is the units digit of 53604269?
9
What is the hundreds digit of 684814971?
9
What is the ten millions digit of 1338660243?
3
What is the hundreds digit of 62029157?
1
What is the thousands digit of 65888977?
8
What is the hundreds digit of 2305583602?
6
What is the millions digit of 253236549?
3
What is the thousands digit of 920910670?
0
What is the millions digit of 15332319?
5
What is the hundred millions digit of 348465720?
3
What is the hundreds digit of 69672310?
3
What is the units digit of 821061833?
3
What is the billions digit of 1905719455?
1
What is the units digit of 25676928?
8
What is the thousands digit of 205220733?
0
What is the millions digit of 1356834530?
6
What is the millions digit of 246274514?
6
What is the hundreds digit of 35713992?
9
What is the millions digit of 304163210?
4
What is the ten millions digit of 365279311?
6
What is the tens digit of 364983086?
8
What is the hundreds digit of 2468148830?
8
What is the ten millions digit of 4378419195?
7
What is the tens digit of 53867441?
4
What is the units digit of 3045013899?
9
What is the ten thousands digit of 277563554?
6
What is the ten thousands digit of 433367443?
6
What is the thousands digit of 76117866?
7
What is the ten thousands digit of 134543140?
4
What is the hundred thousands digit of 58293963?
2
What is the units digit of 3035811?
1
What is the units digit of 326791562?
2
What is the hundred millions digit of 627716974?
6
What is the millions digit of 324727702?
4
What is the tens digit of 51705309?
0
What is the ten thousands digit of 149828544?
2
What is the tens digit of 22214463?
6
What is the ten millions digit of 2173930520?
7
What is the billions digit of 8834054977?
8
What is the units digit of 749589244?
4
What is the millions digit of 83532256?
3
What is the hundred millions digit of 134776161?
1
What is the ten millions digit of 387495960?
8
What is the hundreds digit of 44082736?
7
What is the ten millions digit of 44533849?
4
What is the hundred thousands digit of 406396282?
3
What is the millions digit of 4474727894?
4
What is the units digit of 23933784?
4
What is the tens digit of 1319082478?
7
What is the ten millions digit of 12629521?
1
What is the hundreds digit of 165510410?
4
What is the hundred millions digit of 364616781?
3
What is the millions digit of 909410468?
9
What is the ten thousands digit of 354791724?
9
What is the hundred thousands digit of 1902952730?
9
What is the thousands digit of 152297410?
7
What is the ten thousands digit of 8188701?
8
What is the tens digit of 10831798?
9
What is the millions digit of 139380588?
9
What is the hundred thousands digit of 17328002?
3
What is the hundred thousands digit of 397483715?
4
What is the hundred thousands digit of 44679498?
6
What is the hundred millions digit of 1023255052?
0
What is the hundreds digit of 93555158?
1
What is the ten thousands digit of 50937727?
3
What is the thousands digit of 1131036380?
6
What is the units digit of 84459248?
8
What is the millions digit of 2843287943?
3
What is the hundreds digit of 271091483?
4
What is the hundred millions digit of 1010260311?
0
What is the hundred millions digit of 1019386082?
0
What is the hundred thousands digit of 57135945?
1
What is the units digit of 5069063119?
9
What is the tens digit of 206508444?
4
What is the hundreds digit of 222597528?
5
What is the hundreds digit of 1513846229?
2
What is the ten thousands digit of 18131838?
3
What is the tens digit of 113166042?
4
What is the millions digit of 75821388?
5
What is the thousands digit of 57220182?
0
What is the tens digit of 1262362865?
6
What is the tens digit of 441549938?
3
What is the thousands digit of 4640179643?
9
What is the ten millions digit of 72275715?
7
What is the hundred thousands digit of 505255233?
2
What is the millions digit of 535960831?
5
What is the ten thousands digit of 271218371?
1
What is the hundred thousands digit of 182970384?
9
What is the millions digit of 123198855?
3
What is the ten millions digit of 68000505?
6
What is the units digit of 1426702119?
9
What is the ten millions digit of 117270430?
1
What is the hundred thousands digit of 1161091420?
0
What is the thousands digit of 1001095327?
5
What is the hundreds digit of 177865446?
4
What is the thousands digit of 2860453472?
3
What is the ten millions digit of 295101343?
9
What is the tens digit of 37468944?
4
What is the ten thousands digit of 39768500?
6
What is the hundred thousands digit of 329349378?
3
What is the ten thousands digit of 16906720?
0
What is the hundred millions digit of 458516286?
4
What is the ten millions digit of 40801181?
4
What is the hundreds digit of 67171511?
5
What is the hundreds digit of 1173621445?
4
What is the tens digit of 477235737?
3
What is the units digit of 2774693352?
2
What is the millions digit of 895593787?
5
What is the units digit of 3958937018?
8
What is the units digit of 42378029?
9
What is the tens digit of 74734628?
2
What is the tens digit of 3126579746?
4
What is the units digit of 62201071?
1
What is the thousands digit of 576863425?
3
What is the units digit of 2892591859?
9
What is the hundreds digit of 12516826?
8
What is the ten millions digit of 2385772208?
8
What is the hundred millions digit of 215913249?
2
What is the hundreds digit of 1255741071?
0
What is the millions digit of 2459272427?
9
What is the hundreds digit of 1742614931?
9
What is the hundred millions digit of 108800105?
1
What is the hundred millions digit of 132542217?
1
What is the hundred thousands digit of 1132366764?
3
What is the ten thousands digit of 177826901?
2
What is the hundred millions digit of 1115202047?
1
What is the tens digit of 31957485?
8
What is the tens digit of 3137877551?
5
What is the tens digit of 1356200122?
2
What is the tens digit of 190122921?
2
What is the hundred millions digit of 309261581?
3
What is the tens digit of 7786158403?
0
What is the ten millions digit of 1800414026?
0
What is the units digit of 94345896?
6
What is the units digit 